 - 170 = -i*x + 4*d. What is the highest common factor of x and 57?
19
Let n = -647 - -701. Let b(v) = -v + 3. Let f be b(3). Suppose f = 2*d - d - 6. What is the highest common divisor of d and n?
6
Let k = -9 + 7. Let t be 75 - -3 - (1 - k). Let c be (-3)/(-6)*0 + 50. Calculate the greatest common factor of t and c.
25
Let m be 13 - (-1 + -5 + 2). Calculate the greatest common factor of m and 323.
17
Suppose 282 = -6*a + 930. Calculate the greatest common factor of 12 and a.
12
Let d(y) = y**3 + 6*y**2 - 9*y + 13. Let l be d(-7). Let q be (4/24*8)/(2/l). Calculate the highest common divisor of 72 and q.
18
Let k be (12 - 1) + -3 + 5. Let f = k + -7. Suppose -4*o + f*y - y = -44, 0 = -o + 3*y + 4. Calculate the highest common factor of o and 80.
16
Let d(o) = o**3 + o**2 - 6*o + 3. Let f be d(4). Suppose m + 4*i = f, -m + 3*i + 95 = -2*i. Let b = -205 + 220. Calculate the highest common factor of m and b.
15
Suppose -3*o = -2*b - 66, -5*o + 0*o - 2*b + 110 = 0. Calculate the highest common factor of 99 and o.
11
Let c = 2370 - 2259. Calculate the greatest common factor of c and 3108.
111
Suppose 0 = -2*y - 75 + 223. Suppose y = 3*l + 2*t, -2 = -3*t + t. Calculate the greatest common factor of 6 and l.
6
Let a(k) = -738*k - 9. Let g be a(-1). Calculate the highest common divisor of 162 and g.
81
Let a = -179 + 186. Calculate the greatest common factor of a and 189.
7
Suppose -156 = 3*n + 57. Let i = n - -141. Calculate the greatest common factor of i and 28.
14
Let h = -452 - -886. What is the greatest common factor of h and 14?
14
Let g = 10 + -6. Suppose 2*v + 8 = g*v. Suppose p = v*q + 8, -p = -2*p - 2*q + 38. What is the greatest common factor of p and 7?
7
Let m be 63638/4739 + (-3)/7. Suppose 5*i - 130 = 3*i. Calculate the greatest common factor of i and m.
13
Let x = 55 - 58. Let l(d) = 2*d**2 - 5*d - 8. Let g be l(x). Suppose 0 = -4*s + 626 + 474. What is the greatest common factor of g and s?
25
Let x = 80 - 51. Let b be (1 + (-565)/(-15))*3. What is the highest common divisor of x and b?
29
Suppose -4*h + 20 = -4*o, -4*h - 3*o - 7 = -6. Let l be (20/8 - h)*10. Suppose -4*m - 4 = x + 6, 3*m = l*x - 19. What is the greatest common factor of x and 8?
2
Suppose -9*w + 243 + 2826 = 0. Calculate the greatest common divisor of 77 and w.
11
Suppose 5*j = -3*f + 14, -8 = -3*j + f + 6. Suppose j*n - 104 - 4 = 0. Calculate the greatest common divisor of 3 and n.
3
Let o = 88 + -64. Suppose 0 = -2*r - 3*r - 3*x + 2690, -3*x = 15. Let k = r - 325. What is the highest common factor of k and o?
24
Let u be 476 + 3 + 3 + -2. Suppose -73*a - u = -76*a. What is the greatest common factor of a and 20?
20
Suppose 13 - 4 = j. Suppose -13*q + 10*q + j = 0. What is the highest common factor of q and 27?
3
Suppose 100 = 523*i - 518*i. What is the greatest common factor of i and 252?
4
Let a be (-1181)/5 + 3/15. Let m = 351 + a. What is the greatest common factor of 23 and m?
23
Let j be (1/(-1) + 0)*-13. Let p be 1 + (-13)/11 - (-5152)/22. Let l be ((p/(-15))/1)/((-18)/135). Calculate the highest common factor of l and j.
13
Suppose -9*o = -937 - 26. What is the greatest common divisor of 321 and o?
107
Let w = -10 - -10. Let q = 2 + w. Suppose -g = q*g - 24. Calculate the greatest common factor of 2 and g.
2
Suppose -5*p + 528 = p. Calculate the greatest common divisor of p and 1100.
44
Suppose 2*p - 3*h = 9, -2*h - 24 = -2*p - 4*h. Let q = -7 + p. Let x be q + 69/1*2. Calculate the greatest common divisor of 28 and x.
28
Let l be (-51)/2*8/(-12). Let q(i) = 3*i**2 + 6*i - 1. Let y be q(-3). Suppose -a + 25 = y. What is the highest common divisor of l and a?
17
Suppose 5*j + 8*d = 7*d - 2, 3 = d. Let n = 6 - j. What is the highest common factor of n and 161?
7
Let q be (-18)/4*8/(-12). Suppose 4*z + 288 = -2*b + 766, -q*z + 326 = -5*b. Let c be (27 + -1)*2/4. Calculate the highest common divisor of c and z.
13
Let h = 48 - 39. Calculate the greatest common divisor of h and 45.
9
Suppose 4*p = 6*p - 156. Suppose 4*v - p = v. What is the greatest common factor of v and 182?
26
Suppose 2*t = -2*d + 20, 4*t - 45*d = -42*d + 68. Suppose -q + 21 = -0*q. What is the highest common factor of t and q?
7
Suppose -7*i + 6*i + 152 = 0. Calculate the highest common divisor of i and 24.
8
Let n be 24/(-276) + (-15941)/(-23). What is the highest common factor of 22 and n?
11
Let t = -141 - -170. What is the highest common factor of 29 and t?
29
Let n be -4 + 0 - 5/(-15)*3. Suppose 0 = 5*a - 1 - 19. Let u be 50/(a + -2) + n. Calculate the greatest common factor of u and 154.
22
Suppose -16913 - 74563 = -54*j. Calculate the greatest common factor of 14 and j.
14
Suppose -4*x - 500 = -5*t, -22*t = -19*t + 4*x - 268. What is the highest common factor of 6 and t?
6
Suppose 0 = -107*i + 104*i + 120. Calculate the greatest common divisor of 40 and i.
40
Let v = 276 + -94. Suppose 0 = 5*n + 4*x - 235, 3*n + n + 2*x - v = 0. Calculate the highest common divisor of 86 and n.
43
Suppose 6*g = 12*g - 2058. Calculate the greatest common divisor of 98 and g.
49
Suppose -879 = 4*p + j - 6, 2*p + 5*j + 423 = 0. Let y = -147 - p. Calculate the highest common divisor of y and 8.
8
Suppose -3*r + 126 = -0*r. Let q = -22 + 16. Let u(y) = -4*y + 4. Let k be u(q). Calculate the greatest common divisor of k and r.
14
Let b = -649 - -1113. What is the greatest common divisor of b and 32?
16
Let p(r) = 116*r - 17. Let a be p(12). Let b = -970 + a. What is the greatest common divisor of 45 and b?
45
Suppose 0 = 3*c + 10 + 2. Let k be c + 4 + 1 + 3. What is the highest common divisor of 4 and k?
4
Let v be 2/(3 - 444/150). Calculate the highest common divisor of 50 and v.
50
Let g = 1 - -1. Let h be g*(1 + (2 - -9)). Suppose 10*t - 32*t + 2112 = 0. What is the greatest common divisor of h and t?
24
Suppose 4*p = b + 133, 4*p - 67 - 63 = 2*b. Calculate the greatest common divisor of p and 51.
17
Suppose -2*z - 12 + 38 = 0. Suppose 2 + 16 = 2*h. Let t = 22 - h. What is the greatest common factor of t and z?
13
Let q(u) = 16*u + 196. Let v be q(-11). Calculate the highest common factor of 4 and v.
4
Suppose 9*y - 10*y = -28. Let b be 112/(3/(6 - 3)). Calculate the highest common factor of y and b.
28
Let t be ((-63)/(-28) - 1/4)*1. Let y be t + (-2 - -19 - 1/1). What is the greatest common factor of 6 and y?
6
Suppose -c = -2*c + z - 8, 0 = 2*c + 3*z - 4. Let j = 20 - c. What is the greatest common factor of 16 and j?
8
Suppose -25*h = 699 - 3899. Let c = 2 - -14. What is the highest common divisor of c and h?
16
Let x = -29 - -32. Suppose x*z + 5*g - 105 = 0, -3*z + 117 = -0*z + g. Calculate the highest common divisor of z and 440.
40
Suppose k = -m + 28, 3*k + 49 = 3*m - 11. Let z be (-507)/(-13) - (-2)/(-2). Let t be (-4)/(-10)*(z - 8). Calculate the greatest common divisor of m and t.
12
Let k(j) = 2*j + 21. Suppose c + 7 = -0. Let r be k(c). Calculate the highest common divisor of r and 49.
7
Suppose 3*p - 2*c = 48 - 13, -2*p + 20 = 2*c. Calculate the greatest common factor of 407 and p.
11
Let f be (16*3/(-9))/(2/(-3)). Suppose -z - 4*q = -37, -z + 6*q + 29 = f*q. What is the greatest common divisor of z and 14?
7
Suppose f + 3 + 5 = 0. Let v be ((-6)/f)/((-7)/(-532)). Calculate the highest common factor of 19 and v.
19
Let h(d) = -d**3 - 3*d**2 + 2*d + 2. Let o be h(-4). What is the greatest common divisor of o and 240?
10
Suppose -43*y + 150 = -18*y. Let g = 28 + 2. What is the highest common divisor of g and y?
6
Suppose -19*h + 1653 = 133. Let g be (0 + -1)/((-1)/5). Suppose o + h = g*o. Calculate the highest common factor of o and 40.
20
Suppose 5*o - 54 = 3*o. Let j(s) = o*s**2 - 26*s**2 + s + 3*s. Let g be j(7). Calculate the highest common factor of g and 7.
7
Suppose -f + 5 = 4*u, -f = 5*u + 2*f - 15. Suppose 3*n + 4*j - 31 = u, -j = -3*n - 6*j + 32. Calculate the highest common factor of 9 and n.
9
Suppose 24 = x + 6. Suppose 2*c = x + 14. Calculate the highest common factor of c and 2.
2
Suppose -17*q + 1201 = -482. Suppose -5*h + 32 = -2*h - c, -2*h + 4*c + 18 = 0. Calculate the highest common factor of q and h.
11
Suppose 4*c - 33 = 3*c. Let r = -48 - -51. What is the highest common divisor of c and r?
3
Let n = 27 + 2. Suppose 5*t = -2*j + 5, -n = -2*j + 4*t - t. Suppose 18 =